or of k and o?
14
Let m = -18 - -53. What is the highest common divisor of m and 21?
7
Let r be (2/(-2) - (-8)/4)*45. Let q = r - 32. Let o(z) = z**2 + 13. Let k be o(0). Calculate the greatest common factor of k and q.
13
Let c be 0 - 9/((-27)/(-12)). Let l be 66/7 - c/7. Calculate the greatest common factor of 2 and l.
2
Let d(h) = h**3 - h**2 - 2*h + 3. Let p be (0/(-1 + 3))/2. Let i be d(p). Let a = 15 - i. Calculate the greatest common divisor of a and 30.
6
Let c(y) = -y**3 - 29*y**2 - 13*y - 305. Let w be c(-29). Calculate the greatest common factor of w and 162.
18
Suppose 22*m - 695 = 405. Let s = -211 - -336. Calculate the highest common factor of m and s.
25
Suppose -2*y + 2*z + 34 = 0, 3*z + 48 + 29 = 5*y. Calculate the highest common divisor of 65 and y.
13
Let p(w) = -w**2 - 3*w + 5. Let n be p(-4). Let o = 77 + -119. Let a = o - -50. Calculate the greatest common divisor of a and n.
1
Let g be 2/((-2)/(-301))*3/3. Calculate the greatest common divisor of 387 and g.
43
Suppose -192 = -16*r + 208. Let f = 144 + 81. What is the highest common factor of r and f?
25
Suppose 756 = 4*b + w, 113 = b - 4*w - 59. What is the greatest common factor of 329 and b?
47
Let h be ((-16)/28)/(4/(-14)). Let z be h - (-3 + 1) - 2. Calculate the greatest common factor of z and 5.
1
Suppose 6*z = 14 + 580. Let d = -69 + z. What is the greatest common divisor of d and 20?
10
Suppose -100 = 38*j - 39*j. Calculate the greatest common divisor of 20 and j.
20
Let m(w) = 43*w**2 - 11*w + 139. Let d be m(9). What is the greatest common divisor of d and 13?
13
Suppose -5*v - 16*v + 735 = 0. What is the highest common divisor of v and 203?
7
Let n(q) = -q**2 + 17*q + 32. Let z = 127 + -114. Let u be n(z). Calculate the highest common divisor of 28 and u.
28
Let t be (-6 - 96/(-18))*-81. What is the greatest common factor of 2 and t?
2
Suppose 2*i + 2*f = 6*f + 128, -4*i - 2*f = -216. Suppose -x + 24 = 3*g, 0 = -2*x + x + 5*g + i. Calculate the greatest common divisor of x and 24.
12
Let c = -36 + 72. Suppose -4*u + 5 = -3*q, 0 = 2*q - 8 - 2. Let d = 19 + u. Calculate the greatest common divisor of d and c.
12
Suppose 6*c = 12*c - 972. Suppose 9 + 9 = n - 5*l, 3*n + l = 54. What is the highest common factor of c and n?
18
Suppose -5*d + 3709 = -3*v - 4001, 0 = -d + v + 1540. Calculate the greatest common factor of 15 and d.
15
Let p(j) = -j**3 + 40*j**2 + 92*j - 116. Let l be p(42). What is the greatest common factor of 160 and l?
20
Let k be (800/360)/((-4)/(-18)). What is the greatest common divisor of k and 430?
10
Suppose 5*j = 3*m - 99, 0 = 2*j + j + 2*m + 48. Let t = j - -49. Let i(d) = 48*d + 5. Let z be i(7). Calculate the greatest common divisor of z and t.
31
Let z(x) = x + 43. Let j = -54 - -66. Let u be z(j). Calculate the greatest common factor of u and 11.
11
Suppose 2*t + 2*t = t. Suppose -12*p + 1020 = -t*p. What is the highest common divisor of p and 17?
17
Let o = -923 - -977. What is the highest common factor of o and 450?
18
Let m be (-28)/(-154) - (0 + (-273)/11). Suppose 4*a - 16 = 2*a. Let j be 0 + a - 6/2. What is the greatest common divisor of m and j?
5
Let m be 290/(-16) - (-7)/56. Let s = m + 36. Suppose -4*p - 2*o = -352, -3*p + 2*p - 5*o + 70 = 0. Calculate the greatest common divisor of s and p.
18
Let x(l) = l + 12. Let u be x(-8). Suppose n + u*i - 21 = 0, -2*n + 0*n - i + 7 = 0. Calculate the greatest common factor of 8 and n.
1
Suppose -5*z = -35 + 10. What is the highest common divisor of z and 220?
5
Suppose 0 = -4*h + 3965 + 31. Calculate the greatest common divisor of h and 37.
37
Suppose -s = 2*y - 157, -26*y + 29*y + 2*s - 237 = 0. What is the highest common divisor of 143 and y?
11
Suppose 5*h - 247 = -14*h. What is the greatest common divisor of 91 and h?
13
Suppose 6*d - h + 316 = 11*d, 0 = -5*h + 5. Calculate the highest common factor of d and 45.
9
Let p be (-3006)/(-15) + (-12)/30. Suppose -3*o + 5*v + p = 0, -o - 6*v + 3*v = -48. What is the greatest common factor of 20 and o?
20
Suppose -3*q - 4*n = 301, -q = -4*q - n - 298. Let d = 165 + q. What is the greatest common divisor of 44 and d?
22
Let d(s) = 3*s - 6. Let y be d(7). Suppose -y = -2*t + 1. What is the greatest common factor of t and 32?
8
Let v = -1671 - -1748. What is the highest common factor of 121 and v?
11
Let q(c) = -c**2 - 7*c + 9. Let f be q(1). What is the greatest common factor of 23 and f?
1
Let i be -3*(90/(-5))/2. Calculate the highest common divisor of 189 and i.
27
Let o be (-152)/2*(-2)/4. Calculate the highest common divisor of o and 95.
19
Let x(z) = 5*z + 5. Let k be x(7). Suppose -2*m + 56 = 4*y, 2*m - y - 1 = k. Suppose 2*n - 36 = 52. Calculate the highest common divisor of n and m.
22
Suppose -5*c + 0*c = -15. Suppose c*k - 8 = 10. Let w = 9 - 0. What is the highest common divisor of w and k?
3
Let x = 41 - 36. Let w be 25/30 - 3/(-18). Calculate the greatest common factor of x and w.
1
Suppose -3*u = -0*r + 2*r - 123, 3*u = 3*r - 207. Let y = r - 52. Calculate the greatest common factor of 126 and y.
14
Let g = -1122 + 1199. What is the greatest common factor of 119 and g?
7
Let d be 336/18 + 2/(-3). Let r = -16 + d. Suppose -4*o + 2 = -r. What is the greatest common factor of o and 4?
1
Suppose -104 = 436*m - 440*m. What is the greatest common divisor of 650 and m?
26
Suppose -5*b = -5*g + 5055, g + 3*b - 1388 + 381 = 0. Calculate the highest common divisor of g and 10.
10
Suppose -4*p + 727 = -4*w - 17, -2*p - 372 = 2*w. Let y = w + 263. Calculate the greatest common factor of y and 7.
7
Let l(v) = -54*v + 495. Let h be l(9). Calculate the highest common divisor of 267 and h.
3
Let o(d) = -d**2 + 6*d + 2. Let k be o(6). Let v = 39 - 37. Suppose -v*p + 8*p - 132 = 0. What is the greatest common divisor of p and k?
2
Let s be (-9)/(3 + 0)*-2. Let q = 664 - 467. Suppose 5 = -m, -3*d + q = d - m. Calculate the highest common factor of s and d.
6
Let j = 19 - 19. Let z be (1 - (j - 3)) + -1. Calculate the greatest common factor of z and 15.
3
Let q be (-36)/48 - (-8931)/4. What is the greatest common divisor of q and 48?
24
Let w be ((-27)/(-12) - 3)*-28. Let r be 3 - 1*2/(-1). Suppose -c = -w + r. Calculate the highest common factor of c and 80.
16
Let k(s) = -33*s**3 + 24*s**2 + 24*s + 14 + 34*s**3 + 16. Let u be k(-23). Calculate the highest common divisor of 35 and u.
7
Let z(h) = h**3 + 33*h**2 + 27*h - 126. Let r be z(-32). What is the highest common divisor of 527 and r?
17
Let h(w) = -w**3 - 7*w**2 + 4. Let z be h(-7). Suppose -3*k + 204 = 2*n, -163 = -n + z*k - 39. What is the highest common factor of 27 and n?
27
Suppose 0 = 5*a - 4*q - 186, 4*q + 110 = -2*a + 5*a. Calculate the greatest common factor of a and 2.
2
Let k(f) = -f**2 + 8*f - 11. Suppose 10 = -9*a + 11*a. Let q be k(a). What is the greatest common factor of 28 and q?
4
Suppose -3*z - 136 = -3*r + 2*r, 4*z + r = -179. Let c = z + 141. What is the highest common factor of 12 and c?
12
Let s(j) = -4*j + 115. Let h be s(22). What is the highest common factor of 45 and h?
9
Let b = -171 + 241. Suppose 6*o - b = 38. What is the greatest common divisor of 1 and o?
1
Let t be -3*(-17022)/60 - (-1)/(-10). What is the greatest common factor of t and 37?
37
Let b(y) = 10*y - 57. Let n be b(7). What is the greatest common divisor of 169 and n?
13
Suppose 3*m + 12*m - 300 = 0. Calculate the greatest common divisor of m and 190.
10
Suppose x + 4*x - 25 = 3*s, -15 = -3*x. Suppose 3*w - 5*w + 10 = s. Let n(r) = 7*r + 87. Let u be n(-11). Calculate the greatest common factor of w and u.
5
Let z = 1404 + -1349. Calculate the greatest common factor of 385 and z.
55
Suppose -3*a - 4*x - 72 = a, 0 = 3*a - 5*x + 22. Let r = a - -25. What is the highest common factor of r and 1?
1
Let p = -1560 + 1584. What is the greatest common factor of 660 and p?
12
Let u be (-6)/21 - 60/(-14). Suppose -a = -3 + u. Let h be a + (-129)/(-3) + 0. Calculate the greatest common divisor of 6 and h.
6
Let g(n) = -2*n**3 + 54*n**2 + n - 23. Let f be g(27). What is the greatest common divisor of f and 68?
4
Let s = 65 - -33. Suppose -4*q = -14 - s. What is the greatest common divisor of 4 and q?
4
Let y = 0 + 4. Suppose 2*o + 0*o + 18 = 0. Let l be -3 + (o/(-21) - 88/(-7)). What is the greatest co